{"id":5372,"date":"2026-03-27T23:22:18","date_gmt":"2026-03-27T22:22:18","guid":{"rendered":"https:\/\/footballforumhungary.hu\/?post_type=kiallitok&#038;p=5372"},"modified":"2026-03-27T23:22:19","modified_gmt":"2026-03-27T22:22:19","slug":"panoris-football-forum-hungary-2026","status":"publish","type":"kiallitok","link":"https:\/\/footballforumhungary.hu\/en\/kiallitok\/panoris-football-forum-hungary-2026\/","title":{"rendered":"Panoris"},"content":{"rendered":"","protected":false},"featured_media":5373,"template":"","meta":{"_acf_changed":true},"class_list":["post-5372","kiallitok","type-kiallitok","status-publish","has-post-thumbnail","hentry"],"acf":[],"yoast_head":"<!-- This site is optimized with the Yoast SEO plugin v27.3 - https:\/\/yoast.com\/product\/yoast-seo-wordpress\/ -->\n<title>Panoris - Football Forum Hungary 2026<\/title>\n<meta name=\"description\" content=\"A Panoris egy megb\u00edzhat\u00f3, automatiz\u00e1lt vide\u00f3infrastrukt\u00far\u00e1t k\u00edn\u00e1l labdar\u00fag\u00f3-elemz\u00e9shez, amely egyes\u00edti a felv\u00e9telk\u00e9sz\u00edt\u00e9st, a menedzsmentet \u00e9s a tartalomeloszt\u00e1st a magas sz\u00ednvonal\u00fa taktikai vide\u00f3val \u00e9s elemz\u0151 eszk\u00f6z\u00f6kkel.\" \/>\n<meta name=\"robots\" content=\"index, follow, max-snippet:-1, max-image-preview:large, max-video-preview:-1\" \/>\n<link rel=\"canonical\" href=\"https:\/\/footballforumhungary.hu\/en\/kiallitok\/panoris-football-forum-hungary-2026\/\" \/>\n<meta property=\"og:locale\" content=\"en_GB\" \/>\n<meta property=\"og:type\" content=\"article\" \/>\n<meta property=\"og:title\" content=\"Panoris - Football Forum Hungary 2026\" \/>\n<meta property=\"og:description\" content=\"A Panoris egy megb\u00edzhat\u00f3, automatiz\u00e1lt vide\u00f3infrastrukt\u00far\u00e1t k\u00edn\u00e1l labdar\u00fag\u00f3-elemz\u00e9shez, amely egyes\u00edti a felv\u00e9telk\u00e9sz\u00edt\u00e9st, a menedzsmentet \u00e9s a tartalomeloszt\u00e1st a magas sz\u00ednvonal\u00fa taktikai vide\u00f3val \u00e9s elemz\u0151 eszk\u00f6z\u00f6kkel.\" \/>\n<meta property=\"og:url\" content=\"https:\/\/footballforumhungary.hu\/en\/kiallitok\/panoris-football-forum-hungary-2026\/\" \/>\n<meta property=\"og:site_name\" content=\"Football Forum Hungary 2026\" \/>\n<meta property=\"article:modified_time\" content=\"2026-03-27T22:22:19+00:00\" \/>\n<meta property=\"og:image\" content=\"https:\/\/footballforumhungary.hu\/wp-content\/uploads\/2026\/03\/1_Panoris-logo-colours-vertical-1.png\" \/>\n\t<meta property=\"og:image:width\" content=\"1501\" \/>\n\t<meta property=\"og:image:height\" content=\"956\" \/>\n\t<meta property=\"og:image:type\" content=\"image\/png\" \/>\n<meta name=\"twitter:card\" content=\"summary_large_image\" \/>\n<meta name=\"twitter:label1\" content=\"Estimated reading time\" \/>\n\t<meta name=\"twitter:data1\" content=\"1 minute\" \/>\n<script type=\"application\/ld+json\" class=\"yoast-schema-graph\">{\"@context\":\"https:\\\/\\\/schema.org\",\"@graph\":[{\"@type\":\"WebPage\",\"@id\":\"https:\\\/\\\/footballforumhungary.hu\\\/kiallitok\\\/panoris-football-forum-hungary-2026\\\/\",\"url\":\"https:\\\/\\\/footballforumhungary.hu\\\/kiallitok\\\/panoris-football-forum-hungary-2026\\\/\",\"name\":\"Panoris - Football Forum Hungary 2026\",\"isPartOf\":{\"@id\":\"https:\\\/\\\/footballforumhungary.hu\\\/#website\"},\"primaryImageOfPage\":{\"@id\":\"https:\\\/\\\/footballforumhungary.hu\\\/kiallitok\\\/panoris-football-forum-hungary-2026\\\/#primaryimage\"},\"image\":{\"@id\":\"https:\\\/\\\/footballforumhungary.hu\\\/kiallitok\\\/panoris-football-forum-hungary-2026\\\/#primaryimage\"},\"thumbnailUrl\":\"https:\\\/\\\/footballforumhungary.hu\\\/wp-content\\\/uploads\\\/2026\\\/03\\\/1_Panoris-logo-colours-vertical-1.png\",\"datePublished\":\"2026-03-27T22:22:18+00:00\",\"dateModified\":\"2026-03-27T22:22:19+00:00\",\"description\":\"A Panoris egy megb\u00edzhat\u00f3, automatiz\u00e1lt vide\u00f3infrastrukt\u00far\u00e1t k\u00edn\u00e1l labdar\u00fag\u00f3-elemz\u00e9shez, amely egyes\u00edti a felv\u00e9telk\u00e9sz\u00edt\u00e9st, a menedzsmentet \u00e9s a tartalomeloszt\u00e1st a magas sz\u00ednvonal\u00fa taktikai vide\u00f3val \u00e9s elemz\u0151 eszk\u00f6z\u00f6kkel.\",\"breadcrumb\":{\"@id\":\"https:\\\/\\\/footballforumhungary.hu\\\/kiallitok\\\/panoris-football-forum-hungary-2026\\\/#breadcrumb\"},\"inLanguage\":\"en-GB\",\"potentialAction\":[{\"@type\":\"ReadAction\",\"target\":[\"https:\\\/\\\/footballforumhungary.hu\\\/kiallitok\\\/panoris-football-forum-hungary-2026\\\/\"]}]},{\"@type\":\"ImageObject\",\"inLanguage\":\"en-GB\",\"@id\":\"https:\\\/\\\/footballforumhungary.hu\\\/kiallitok\\\/panoris-football-forum-hungary-2026\\\/#primaryimage\",\"url\":\"https:\\\/\\\/footballforumhungary.hu\\\/wp-content\\\/uploads\\\/2026\\\/03\\\/1_Panoris-logo-colours-vertical-1.png\",\"contentUrl\":\"https:\\\/\\\/footballforumhungary.hu\\\/wp-content\\\/uploads\\\/2026\\\/03\\\/1_Panoris-logo-colours-vertical-1.png\",\"width\":1501,\"height\":956},{\"@type\":\"BreadcrumbList\",\"@id\":\"https:\\\/\\\/footballforumhungary.hu\\\/kiallitok\\\/panoris-football-forum-hungary-2026\\\/#breadcrumb\",\"itemListElement\":[{\"@type\":\"ListItem\",\"position\":1,\"name\":\"Kezd\u0151lap\",\"item\":\"https:\\\/\\\/footballforumhungary.hu\\\/\"},{\"@type\":\"ListItem\",\"position\":2,\"name\":\"Panoris\"}]},{\"@type\":\"WebSite\",\"@id\":\"https:\\\/\\\/footballforumhungary.hu\\\/#website\",\"url\":\"https:\\\/\\\/footballforumhungary.hu\\\/\",\"name\":\"Football Forum Hungary 2026\",\"description\":\"\",\"publisher\":{\"@id\":\"https:\\\/\\\/footballforumhungary.hu\\\/#organization\"},\"potentialAction\":[{\"@type\":\"SearchAction\",\"target\":{\"@type\":\"EntryPoint\",\"urlTemplate\":\"https:\\\/\\\/footballforumhungary.hu\\\/?s={search_term_string}\"},\"query-input\":{\"@type\":\"PropertyValueSpecification\",\"valueRequired\":true,\"valueName\":\"search_term_string\"}}],\"inLanguage\":\"en-GB\"},{\"@type\":\"Organization\",\"@id\":\"https:\\\/\\\/footballforumhungary.hu\\\/#organization\",\"name\":\"Football Forum Hungary 2026\",\"url\":\"https:\\\/\\\/footballforumhungary.hu\\\/\",\"logo\":{\"@type\":\"ImageObject\",\"inLanguage\":\"en-GB\",\"@id\":\"https:\\\/\\\/footballforumhungary.hu\\\/#\\\/schema\\\/logo\\\/image\\\/\",\"url\":\"https:\\\/\\\/footballforumhungary.hu\\\/wp-content\\\/uploads\\\/2025\\\/07\\\/FFH-TPSM-EMW-3.png\",\"contentUrl\":\"https:\\\/\\\/footballforumhungary.hu\\\/wp-content\\\/uploads\\\/2025\\\/07\\\/FFH-TPSM-EMW-3.png\",\"width\":1094,\"height\":313,\"caption\":\"Football Forum Hungary 2026\"},\"image\":{\"@id\":\"https:\\\/\\\/footballforumhungary.hu\\\/#\\\/schema\\\/logo\\\/image\\\/\"}}]}<\/script>\n<!-- \/ Yoast SEO plugin. -->","yoast_head_json":{"title":"Panoris - Football Forum Hungary 2026","description":"A Panoris egy megb\u00edzhat\u00f3, automatiz\u00e1lt vide\u00f3infrastrukt\u00far\u00e1t k\u00edn\u00e1l labdar\u00fag\u00f3-elemz\u00e9shez, amely egyes\u00edti a felv\u00e9telk\u00e9sz\u00edt\u00e9st, a menedzsmentet \u00e9s a tartalomeloszt\u00e1st a magas sz\u00ednvonal\u00fa taktikai vide\u00f3val \u00e9s elemz\u0151 eszk\u00f6z\u00f6kkel.","robots":{"index":"index","follow":"follow","max-snippet":"max-snippet:-1","max-image-preview":"max-image-preview:large","max-video-preview":"max-video-preview:-1"},"canonical":"https:\/\/footballforumhungary.hu\/en\/kiallitok\/panoris-football-forum-hungary-2026\/","og_locale":"en_GB","og_type":"article","og_title":"Panoris - Football Forum Hungary 2026","og_description":"A Panoris egy megb\u00edzhat\u00f3, automatiz\u00e1lt vide\u00f3infrastrukt\u00far\u00e1t k\u00edn\u00e1l labdar\u00fag\u00f3-elemz\u00e9shez, amely egyes\u00edti a felv\u00e9telk\u00e9sz\u00edt\u00e9st, a menedzsmentet \u00e9s a tartalomeloszt\u00e1st a magas sz\u00ednvonal\u00fa taktikai vide\u00f3val \u00e9s elemz\u0151 eszk\u00f6z\u00f6kkel.","og_url":"https:\/\/footballforumhungary.hu\/en\/kiallitok\/panoris-football-forum-hungary-2026\/","og_site_name":"Football Forum Hungary 2026","article_modified_time":"2026-03-27T22:22:19+00:00","og_image":[{"width":1501,"height":956,"url":"https:\/\/footballforumhungary.hu\/wp-content\/uploads\/2026\/03\/1_Panoris-logo-colours-vertical-1.png","type":"image\/png"}],"twitter_card":"summary_large_image","twitter_misc":{"Estimated reading time":"1 minute"},"schema":{"@context":"https:\/\/schema.org","@graph":[{"@type":"WebPage","@id":"https:\/\/footballforumhungary.hu\/kiallitok\/panoris-football-forum-hungary-2026\/","url":"https:\/\/footballforumhungary.hu\/kiallitok\/panoris-football-forum-hungary-2026\/","name":"Panoris - Football Forum Hungary 2026","isPartOf":{"@id":"https:\/\/footballforumhungary.hu\/#website"},"primaryImageOfPage":{"@id":"https:\/\/footballforumhungary.hu\/kiallitok\/panoris-football-forum-hungary-2026\/#primaryimage"},"image":{"@id":"https:\/\/footballforumhungary.hu\/kiallitok\/panoris-football-forum-hungary-2026\/#primaryimage"},"thumbnailUrl":"https:\/\/footballforumhungary.hu\/wp-content\/uploads\/2026\/03\/1_Panoris-logo-colours-vertical-1.png","datePublished":"2026-03-27T22:22:18+00:00","dateModified":"2026-03-27T22:22:19+00:00","description":"A Panoris egy megb\u00edzhat\u00f3, automatiz\u00e1lt vide\u00f3infrastrukt\u00far\u00e1t k\u00edn\u00e1l labdar\u00fag\u00f3-elemz\u00e9shez, amely egyes\u00edti a felv\u00e9telk\u00e9sz\u00edt\u00e9st, a menedzsmentet \u00e9s a tartalomeloszt\u00e1st a magas sz\u00ednvonal\u00fa taktikai vide\u00f3val \u00e9s elemz\u0151 eszk\u00f6z\u00f6kkel.","breadcrumb":{"@id":"https:\/\/footballforumhungary.hu\/kiallitok\/panoris-football-forum-hungary-2026\/#breadcrumb"},"inLanguage":"en-GB","potentialAction":[{"@type":"ReadAction","target":["https:\/\/footballforumhungary.hu\/kiallitok\/panoris-football-forum-hungary-2026\/"]}]},{"@type":"ImageObject","inLanguage":"en-GB","@id":"https:\/\/footballforumhungary.hu\/kiallitok\/panoris-football-forum-hungary-2026\/#primaryimage","url":"https:\/\/footballforumhungary.hu\/wp-content\/uploads\/2026\/03\/1_Panoris-logo-colours-vertical-1.png","contentUrl":"https:\/\/footballforumhungary.hu\/wp-content\/uploads\/2026\/03\/1_Panoris-logo-colours-vertical-1.png","width":1501,"height":956},{"@type":"BreadcrumbList","@id":"https:\/\/footballforumhungary.hu\/kiallitok\/panoris-football-forum-hungary-2026\/#breadcrumb","itemListElement":[{"@type":"ListItem","position":1,"name":"Kezd\u0151lap","item":"https:\/\/footballforumhungary.hu\/"},{"@type":"ListItem","position":2,"name":"Panoris"}]},{"@type":"WebSite","@id":"https:\/\/footballforumhungary.hu\/#website","url":"https:\/\/footballforumhungary.hu\/","name":"Football Forum Hungary 2026","description":"","publisher":{"@id":"https:\/\/footballforumhungary.hu\/#organization"},"potentialAction":[{"@type":"SearchAction","target":{"@type":"EntryPoint","urlTemplate":"https:\/\/footballforumhungary.hu\/?s={search_term_string}"},"query-input":{"@type":"PropertyValueSpecification","valueRequired":true,"valueName":"search_term_string"}}],"inLanguage":"en-GB"},{"@type":"Organization","@id":"https:\/\/footballforumhungary.hu\/#organization","name":"Football Forum Hungary 2026","url":"https:\/\/footballforumhungary.hu\/","logo":{"@type":"ImageObject","inLanguage":"en-GB","@id":"https:\/\/footballforumhungary.hu\/#\/schema\/logo\/image\/","url":"https:\/\/footballforumhungary.hu\/wp-content\/uploads\/2025\/07\/FFH-TPSM-EMW-3.png","contentUrl":"https:\/\/footballforumhungary.hu\/wp-content\/uploads\/2025\/07\/FFH-TPSM-EMW-3.png","width":1094,"height":313,"caption":"Football Forum Hungary 2026"},"image":{"@id":"https:\/\/footballforumhungary.hu\/#\/schema\/logo\/image\/"}}]}},"_links":{"self":[{"href":"https:\/\/footballforumhungary.hu\/en\/wp-json\/wp\/v2\/kiallitok\/5372","targetHints":{"allow":["GET"]}}],"collection":[{"href":"https:\/\/footballforumhungary.hu\/en\/wp-json\/wp\/v2\/kiallitok"}],"about":[{"href":"https:\/\/footballforumhungary.hu\/en\/wp-json\/wp\/v2\/types\/kiallitok"}],"wp:featuredmedia":[{"embeddable":true,"href":"https:\/\/footballforumhungary.hu\/en\/wp-json\/wp\/v2\/media\/5373"}],"wp:attachment":[{"href":"https:\/\/footballforumhungary.hu\/en\/wp-json\/wp\/v2\/media?parent=5372"}],"curies":[{"name":"wp","href":"https:\/\/api.w.org\/{rel}","templated":true}]}}

<!-- This site is optimized with the Yoast SEO plugin v27.3 - https://yoast.com/product/yoast-seo-wordpress/ -->
<title>Panoris - Football Forum Hungary 2026</title>
<meta name="description" content="A Panoris egy megbízható, automatizált videóinfrastruktúrát kínál labdarúgó-elemzéshez, amely egyesíti a felvételkészítést, a menedzsmentet és a tartalomelosztást a magas színvonalú taktikai videóval és elemző eszközökkel." />
<meta name="robots" content="index, follow, max-snippet:-1, max-image-preview:large, max-video-preview:-1" />
<link rel="canonical" href="https://footballforumhungary.hu/en/kiallitok/panoris-football-forum-hungary-2026/" />
<meta property="og:locale" content="en_GB" />
<meta property="og:type" content="article" />
<meta property="og:title" content="Panoris - Football Forum Hungary 2026" />
<meta property="og:description" content="A Panoris egy megbízható, automatizált videóinfrastruktúrát kínál labdarúgó-elemzéshez, amely egyesíti a felvételkészítést, a menedzsmentet és a tartalomelosztást a magas színvonalú taktikai videóval és elemző eszközökkel." />
<meta property="og:url" content="https://footballforumhungary.hu/en/kiallitok/panoris-football-forum-hungary-2026/" />
<meta property="og:site_name" content="Football Forum Hungary 2026" />
<meta property="article:modified_time" content="2026-03-27T22:22:19+00:00" />
<meta property="og:image" content="https://footballforumhungary.hu/wp-content/uploads/2026/03/1_Panoris-logo-colours-vertical-1.png" />
	<meta property="og:image:width" content="1501" />
	<meta property="og:image:height" content="956" />
	<meta property="og:image:type" content="image/png" />
<meta name="twitter:card" content="summary_large_image" />
<meta name="twitter:label1" content="Estimated reading time" />
	<meta name="twitter:data1" content="1 minute" />
<script type="application/ld+json" class="yoast-schema-graph">{"@context":"https:\/\/schema.org","@graph":[{"@type":"WebPage","@id":"https:\/\/footballforumhungary.hu\/kiallitok\/panoris-football-forum-hungary-2026\/","url":"https:\/\/footballforumhungary.hu\/kiallitok\/panoris-football-forum-hungary-2026\/","name":"Panoris - Football Forum Hungary 2026","isPartOf":{"@id":"https:\/\/footballforumhungary.hu\/#website"},"primaryImageOfPage":{"@id":"https:\/\/footballforumhungary.hu\/kiallitok\/panoris-football-forum-hungary-2026\/#primaryimage"},"image":{"@id":"https:\/\/footballforumhungary.hu\/kiallitok\/panoris-football-forum-hungary-2026\/#primaryimage"},"thumbnailUrl":"https:\/\/footballforumhungary.hu\/wp-content\/uploads\/2026\/03\/1_Panoris-logo-colours-vertical-1.png","datePublished":"2026-03-27T22:22:18+00:00","dateModified":"2026-03-27T22:22:19+00:00","description":"A Panoris egy megbízható, automatizált videóinfrastruktúrát kínál labdarúgó-elemzéshez, amely egyesíti a felvételkészítést, a menedzsmentet és a tartalomelosztást a magas színvonalú taktikai videóval és elemző eszközökkel.","breadcrumb":{"@id":"https:\/\/footballforumhungary.hu\/kiallitok\/panoris-football-forum-hungary-2026\/#breadcrumb"},"inLanguage":"en-GB","potentialAction":[{"@type":"ReadAction","target":["https:\/\/footballforumhungary.hu\/kiallitok\/panoris-football-forum-hungary-2026\/"]}]},{"@type":"ImageObject","inLanguage":"en-GB","@id":"https:\/\/footballforumhungary.hu\/kiallitok\/panoris-football-forum-hungary-2026\/#primaryimage","url":"https:\/\/footballforumhungary.hu\/wp-content\/uploads\/2026\/03\/1_Panoris-logo-colours-vertical-1.png","contentUrl":"https:\/\/footballforumhungary.hu\/wp-content\/uploads\/2026\/03\/1_Panoris-logo-colours-vertical-1.png","width":1501,"height":956},{"@type":"BreadcrumbList","@id":"https:\/\/footballforumhungary.hu\/kiallitok\/panoris-football-forum-hungary-2026\/#breadcrumb","itemListElement":[{"@type":"ListItem","position":1,"name":"Kezdőlap","item":"https:\/\/footballforumhungary.hu\/"},{"@type":"ListItem","position":2,"name":"Panoris"}]},{"@type":"WebSite","@id":"https:\/\/footballforumhungary.hu\/#website","url":"https:\/\/footballforumhungary.hu\/","name":"Football Forum Hungary 2026","description":"","publisher":{"@id":"https:\/\/footballforumhungary.hu\/#organization"},"potentialAction":[{"@type":"SearchAction","target":{"@type":"EntryPoint","urlTemplate":"https:\/\/footballforumhungary.hu\/?s={search_term_string}"},"query-input":{"@type":"PropertyValueSpecification","valueRequired":true,"valueName":"search_term_string"}}],"inLanguage":"en-GB"},{"@type":"Organization","@id":"https:\/\/footballforumhungary.hu\/#organization","name":"Football Forum Hungary 2026","url":"https:\/\/footballforumhungary.hu\/","logo":{"@type":"ImageObject","inLanguage":"en-GB","@id":"https:\/\/footballforumhungary.hu\/#\/schema\/logo\/image\/","url":"https:\/\/footballforumhungary.hu\/wp-content\/uploads\/2025\/07\/FFH-TPSM-EMW-3.png","contentUrl":"https:\/\/footballforumhungary.hu\/wp-content\/uploads\/2025\/07\/FFH-TPSM-EMW-3.png","width":1094,"height":313,"caption":"Football Forum Hungary 2026"},"image":{"@id":"https:\/\/footballforumhungary.hu\/#\/schema\/logo\/image\/"}}]}</script>
<!-- / Yoast SEO plugin. -->

A Panoris egy megbízható, automatizált videóinfrastruktúrát kínál labdarúgó-elemzéshez, amely egyesíti a felvételkészítést, a menedzsmentet és a tartalomelosztást a magas színvonalú taktikai videóval és elemző eszközökkel.

Kezdőlap
